{"id":12,"date":"2025-11-27T16:39:27","date_gmt":"2025-11-27T19:39:27","guid":{"rendered":"https:\/\/cadastro.somosagrodasorte.com.br\/?page_id=12"},"modified":"2025-11-27T18:00:38","modified_gmt":"2025-11-27T21:00:38","slug":"acaodenatal","status":"publish","type":"page","link":"https:\/\/cadastro.somosagrodasorte.com.br\/","title":{"rendered":"acaodenatal"},"content":{"rendered":"\t\t<div data-elementor-type=\"wp-post\" data-elementor-id=\"12\" class=\"elementor elementor-12\" data-elementor-post-type=\"page\">\n\t\t\t\t<div class=\"elementor-element elementor-element-62488df e-flex e-con-boxed e-con e-parent\" data-id=\"62488df\" data-element_type=\"container\" data-settings=\"{&quot;background_background&quot;:&quot;classic&quot;}\">\n\t\t\t\t\t<div class=\"e-con-inner\">\n\t\t\t\t<div class=\"elementor-element elementor-element-a3a18a5 elementor-widget elementor-widget-image\" data-id=\"a3a18a5\" data-element_type=\"widget\" data-widget_type=\"image.default\">\n\t\t\t\t\t\t\t\t\t\t\t\t\t\t\t<img fetchpriority=\"high\" decoding=\"async\" width=\"1024\" height=\"148\" src=\"https:\/\/cadastro.somosagrodasorte.com.br\/wp-content\/uploads\/2025\/11\/Agro-da-Sorte_3-1024x148.png\" class=\"attachment-large size-large wp-image-30\" alt=\"\" srcset=\"https:\/\/cadastro.somosagrodasorte.com.br\/wp-content\/uploads\/2025\/11\/Agro-da-Sorte_3-1024x148.png 1024w, https:\/\/cadastro.somosagrodasorte.com.br\/wp-content\/uploads\/2025\/11\/Agro-da-Sorte_3-300x43.png 300w, https:\/\/cadastro.somosagrodasorte.com.br\/wp-content\/uploads\/2025\/11\/Agro-da-Sorte_3-768x111.png 768w, https:\/\/cadastro.somosagrodasorte.com.br\/wp-content\/uploads\/2025\/11\/Agro-da-Sorte_3-1536x222.png 1536w, https:\/\/cadastro.somosagrodasorte.com.br\/wp-content\/uploads\/2025\/11\/Agro-da-Sorte_3.png 1879w\" sizes=\"(max-width: 1024px) 100vw, 1024px\" \/>\t\t\t\t\t\t\t\t\t\t\t\t\t\t\t<\/div>\n\t\t\t\t\t<\/div>\n\t\t\t\t<\/div>\n\t\t<div class=\"elementor-element elementor-element-ed3cb7f e-flex e-con-boxed e-con e-parent\" data-id=\"ed3cb7f\" data-element_type=\"container\">\n\t\t\t\t\t<div class=\"e-con-inner\">\n\t\t\t\t<div class=\"elementor-element elementor-element-b7f8ccb elementor-widget elementor-widget-heading\" data-id=\"b7f8ccb\" data-element_type=\"widget\" data-widget_type=\"heading.default\">\n\t\t\t\t\t<h2 class=\"elementor-heading-title elementor-size-default\">1 MILH\u00c3O DE REAIS MUDARIA SUA VIDA?<\/h2>\t\t\t\t<\/div>\n\t\t\t\t<div class=\"elementor-element elementor-element-340bf3f elementor-widget elementor-widget-text-editor\" data-id=\"340bf3f\" data-element_type=\"widget\" data-widget_type=\"text-editor.default\">\n\t\t\t\t\t\t\t\t\t<p>A\u00e7\u00e3o milion\u00e1ria de Natal com <strong>mais<\/strong> de <strong>1M em pr\u00eamios<\/strong>. Para acesso <strong>antecipado<\/strong> e <strong>benef\u00edcios exclusivos<\/strong>, preencha seus dados abaixo.<\/p>\t\t\t\t\t\t\t\t<\/div>\n\t\t\t\t\t<\/div>\n\t\t\t\t<\/div>\n\t\t<div class=\"elementor-element elementor-element-9fe7218 e-flex e-con-boxed e-con e-parent\" data-id=\"9fe7218\" data-element_type=\"container\" data-settings=\"{&quot;background_background&quot;:&quot;gradient&quot;}\">\n\t\t\t\t\t<div class=\"e-con-inner\">\n\t\t\t\t<div class=\"elementor-element elementor-element-637e379 elementor-widget elementor-widget-formidable\" data-id=\"637e379\" data-element_type=\"widget\" data-widget_type=\"formidable.default\">\n\t\t\t\t<div class=\"elementor-widget-container\">\n\t\t\t\t\t<div class=\"frm_forms  with_frm_style frm_style_estilo-formidable frm_full_submit\" id=\"frm_form_3_container\" data-token=\"b75b8d6dc91c3e876844f150a28f4564\">\n<form enctype=\"multipart\/form-data\" method=\"post\" class=\"frm-show-form  frm_pro_form \" id=\"form_2qe6g\" data-token=\"b75b8d6dc91c3e876844f150a28f4564\">\n<div class=\"frm_form_fields \">\n<fieldset>\n<legend class=\"frm_screen_reader\">cadastro acao de natal<\/legend>\r\n\r\n<div class=\"frm_fields_container\">\n<input type=\"hidden\" name=\"frm_action\" value=\"create\" \/>\n<input type=\"hidden\" name=\"form_id\" value=\"3\" \/>\n<input type=\"hidden\" name=\"frm_hide_fields_3\" id=\"frm_hide_fields_3\" value=\"\" \/>\n<input type=\"hidden\" name=\"form_key\" value=\"2qe6g\" \/>\n<input type=\"hidden\" name=\"item_meta[0]\" value=\"\" \/>\n<input type=\"hidden\" id=\"frm_submit_entry_3\" name=\"frm_submit_entry_3\" value=\"981488cc57\" \/><input type=\"hidden\" name=\"_wp_http_referer\" value=\"\/index.php?rest_route=%2Fwp%2Fv2%2Fpages%2F12\" \/><div id=\"frm_field_15_container\" class=\"frm_form_field form-field  frm_required_field frm_top_container\">\r\n\t<div  id=\"field_sw8m3_label\" class=\"frm_primary_label\">Nome\r\n\t\t<span class=\"frm_required\" aria-hidden=\"true\">*<\/span>\r\n\t<\/div>\r\n\t<fieldset aria-labelledby=\"field_sw8m3_label\">\n\t<legend class=\"frm_screen_reader frm_hidden\">\n\t\tNome\t<\/legend>\n\n\t<div  class=\"frm_combo_inputs_container\" id=\"frm_combo_inputs_container_15\" data-name-layout=\"first_last\">\n\t\t\t\t\t<div\n\t\t\t\tid=\"frm_field_15-first_container\"\n\t\t\t\tclass=\"frm_form_field form-field frm_form_subfield-first  frm6\"\n\t\t\t\tdata-sub-field-name=\"first\"\n\t\t\t>\n\t\t\t\t<label for=\"field_sw8m3_first\" class=\"frm_screen_reader frm_hidden\">\n\t\t\t\t\tNome\t\t\t\t<\/label>\n\n\t\t\t\t<input  type=\"text\" id=\"field_sw8m3_first\" value=\"\" name=\"item_meta[15][first]\" data-reqmsg=\"O Nome n\u00e3o pode ficar em branco.\" aria-required=\"true\" data-invmsg=\"Nome \u00e9 inv\u00e1lido\" aria-invalid=\"false\"  \/><div class=\"frm_description\" id=\"frm_field_15_first_desc\">Nome<\/div>\t\t\t<\/div>\n\t\t\t\t\t\t<div\n\t\t\t\tid=\"frm_field_15-last_container\"\n\t\t\t\tclass=\"frm_form_field form-field frm_form_subfield-last  frm6\"\n\t\t\t\tdata-sub-field-name=\"last\"\n\t\t\t>\n\t\t\t\t<label for=\"field_sw8m3_last\" class=\"frm_screen_reader frm_hidden\">\n\t\t\t\t\tSobrenome\t\t\t\t<\/label>\n\n\t\t\t\t<input  type=\"text\" id=\"field_sw8m3_last\" value=\"\" name=\"item_meta[15][last]\" data-reqmsg=\"O Nome n\u00e3o pode ficar em branco.\" aria-required=\"true\" data-invmsg=\"Nome \u00e9 inv\u00e1lido\" aria-invalid=\"false\"  \/><div class=\"frm_description\" id=\"frm_field_15_last_desc\">Sobrenome<\/div>\t\t\t<\/div>\n\t\t\t\t<\/div>\n<\/fieldset>\n\r\n\t\r\n\t\r\n<\/div>\n<div id=\"frm_field_16_container\" class=\"frm_form_field form-field  frm_required_field frm_top_container\">\r\n\t<label for=\"field_lzz3q\" id=\"field_lzz3q_label\" class=\"frm_primary_label\">Telefone\r\n\t\t<span class=\"frm_required\" aria-hidden=\"true\">*<\/span>\r\n\t<\/label>\r\n\t<input type=\"tel\" id=\"field_lzz3q\" name=\"item_meta[16]\" value=\"\"  maxlength=\"11\" data-reqmsg=\"O Telefone n\u00e3o pode ficar em branco.\" aria-required=\"true\" data-invmsg=\"Telefone \u00e9 inv\u00e1lido\" aria-invalid=\"false\" pattern=\"((\\+\\d{1,3}(-|.| )?\\(?\\d\\)?(-| |.)?\\d{1,5})|(\\(?\\d{2,6}\\)?))(-|.| )?(\\d{3,4})(-|.| )?(\\d{4})(( x| ext)\\d{1,5}){0,1}$\"  \/>\r\n\t\r\n\t\r\n<\/div>\n<div id=\"frm_field_12_container\" class=\"frm_form_field form-field \">\r\n\t<div class=\"frm_submit frm_flex\">\r\n<button class=\"frm_button_submit frm_final_submit\" type=\"submit\"  >ENVIAR<\/button>\r\n\r\n\r\n\r\n<\/div>\r\n<\/div>\n\t<input type=\"hidden\" name=\"item_key\" value=\"\" \/>\n\t\t\t<div id=\"frm_field_24_container\">\n\t\t\t<label for=\"field_opc8q\" >\n\t\t\t\tSe voc\u00ea \u00e9 humano, deixe este campo em branco.\t\t\t<\/label>\n\t\t\t<input  id=\"field_opc8q\" type=\"text\" class=\"frm_form_field form-field frm_verify\" name=\"item_meta[24]\" value=\"\"  \/>\n\t\t<\/div>\n\t\t<input name=\"frm_state\" type=\"hidden\" value=\"SfjMXW0RWjqZt4Tpi\/ufskuQgaNzcrBw9i0xuWU7xQRi8qgz2uOPBg4jttFFUZtQ\" \/><\/div>\n<\/fieldset>\n<\/div>\n\n<\/form>\n<\/div>\n\t\t\t\t<\/div>\n\t\t\t\t<\/div>\n\t\t\t\t\t<\/div>\n\t\t\t\t<\/div>\n\t\t\t\t<\/div>\n\t\t","protected":false},"excerpt":{"rendered":"<p>1 MILH\u00c3O DE REAIS MUDARIA SUA VIDA? A\u00e7\u00e3o milion\u00e1ria de Natal com mais de 1M em pr\u00eamios. Para acesso antecipado e benef\u00edcios exclusivos, preencha seus dados abaixo. cadastro acao de natal Nome * Nome Nome Nome Sobrenome Sobrenome Telefone * ENVIAR Se voc\u00ea \u00e9 humano, deixe este campo em branco.<\/p>\n","protected":false},"author":2,"featured_media":0,"parent":0,"menu_order":0,"comment_status":"closed","ping_status":"closed","template":"elementor_canvas","meta":{"footnotes":""},"class_list":["post-12","page","type-page","status-publish","hentry"],"_links":{"self":[{"href":"https:\/\/cadastro.somosagrodasorte.com.br\/index.php?rest_route=\/wp\/v2\/pages\/12","targetHints":{"allow":["GET"]}}],"collection":[{"href":"https:\/\/cadastro.somosagrodasorte.com.br\/index.php?rest_route=\/wp\/v2\/pages"}],"about":[{"href":"https:\/\/cadastro.somosagrodasorte.com.br\/index.php?rest_route=\/wp\/v2\/types\/page"}],"author":[{"embeddable":true,"href":"https:\/\/cadastro.somosagrodasorte.com.br\/index.php?rest_route=\/wp\/v2\/users\/2"}],"replies":[{"embeddable":true,"href":"https:\/\/cadastro.somosagrodasorte.com.br\/index.php?rest_route=%2Fwp%2Fv2%2Fcomments&post=12"}],"version-history":[{"count":144,"href":"https:\/\/cadastro.somosagrodasorte.com.br\/index.php?rest_route=\/wp\/v2\/pages\/12\/revisions"}],"predecessor-version":[{"id":169,"href":"https:\/\/cadastro.somosagrodasorte.com.br\/index.php?rest_route=\/wp\/v2\/pages\/12\/revisions\/169"}],"wp:attachment":[{"href":"https:\/\/cadastro.somosagrodasorte.com.br\/index.php?rest_route=%2Fwp%2Fv2%2Fmedia&parent=12"}],"curies":[{"name":"wp","href":"https:\/\/api.w.org\/{rel}","templated":true}]}}